atest common divisor of 4331652 and 312.
156
Calculate the greatest common factor of 66504 and 238.
34
What is the highest common factor of 636 and 13116?
12
Calculate the greatest common factor of 5118 and 912.
6
What is the greatest common divisor of 1892 and 76712?
172
Calculate the greatest common divisor of 184 and 304.
8
Calculate the greatest common factor of 4578 and 49833.
21
Calculate the greatest common divisor of 493 and 52026.
29
What is the greatest common factor of 699296 and 82?
82
Calculate the highest common divisor of 4625 and 6625.
125
Calculate the highest common divisor of 16634 and 108.
2
What is the highest common factor of 11 and 19085?
11
Calculate the greatest common divisor of 159662 and 679.
97
What is the highest common factor of 4473 and 252?
63
What is the greatest common divisor of 189 and 3829?
7
Calculate the highest common factor of 220 and 1595.
55
What is the highest common divisor of 177 and 502739?
59
What is the highest common factor of 42 and 288848?
14
Calculate the highest common factor of 4401 and 15159.
489
What is the highest common factor of 372 and 46686?
186
Calculate the highest common divisor of 585520 and 130.
130
What is the greatest common divisor of 15 and 30405?
15
Calculate the highest common divisor of 254524 and 152.
76
Calculate the greatest common divisor of 6 and 57738.
6
What is the greatest common factor of 144 and 73422?
18
Calculate the greatest common factor of 7 and 3983.
7
Calculate the greatest common divisor of 951648 and 672.
96
What is the highest common factor of 2748 and 768?
12
What is the greatest common factor of 100575 and 5?
5
What is the greatest common factor of 222 and 50838?
222
What is the highest common divisor of 832 and 3432?
104
Calculate the highest common factor of 629 and 11849.
17
Calculate the highest common factor of 10283 and 273.
91
Calculate the highest common factor of 283 and 3455996.
283
Calculate the greatest common factor of 135 and 59643.
27
Calculate the greatest common factor of 861 and 567.
21
Calculate the greatest common factor of 349 and 5013734.
349
What is the greatest common factor of 6777 and 3263?
251
What is the highest common divisor of 1191 and 1414511?
397
What is the greatest common factor of 256478 and 2?
2
What is the greatest common factor of 1050 and 10185?
105
What is the greatest common divisor of 147424 and 1360?
272
What is the highest common divisor of 17057 and 111?
37
What is the highest common divisor of 21049 and 28?
7
Calculate the highest common divisor of 104 and 133978.
26
Calculate the highest common factor of 68 and 221952.
68
What is the greatest common factor of 275 and 2761?
11
Calculate the greatest common factor of 7314 and 9936.
138
What is the highest common divisor of 31 and 583?
1
Calculate the greatest common divisor of 6 and 10812.
6
Calculate the greatest common divisor of 364 and 595.
7
Calculate the highest common divisor of 34880 and 45.
5
What is the greatest common factor of 265225 and 625?
25
What is the greatest common factor of 1978 and 5246?
86
Calculate the greatest common factor of 9551616 and 256.
256
Calculate the greatest common divisor of 230580 and 270.
270
Calculate the greatest common factor of 13 and 1429376.
13
Calculate the greatest common factor of 4432 and 64.
16
Calculate the highest common factor of 719478 and 72.
18
Calculate the highest common factor of 3127 and 1829.
59
What is the highest common divisor of 102526 and 6?
2
Calculate the highest common divisor of 1883288 and 242.
22
What is the greatest common divisor of 281 and 608365?
281
What is the greatest common factor of 471933 and 462?
231
Calculate the highest common divisor of 100 and 88125.
25
What is the highest common divisor of 1939147 and 7?
7
What is the highest common factor of 10 and 84230?
10
Calculate the greatest common divisor of 35 and 77145.
5
What is the highest common divisor of 6820 and 16544?
44
What is the greatest common factor of 16415 and 138020?
335
Calculate the greatest common divisor of 72 and 36810.
18
What is the highest common divisor of 1357 and 1679?
23
What is the highest common divisor of 3815 and 17113?
109
What is the highest common divisor of 13665 and 570?
15
What is the highest common factor of 84 and 715092?
84
Calculate the highest common divisor of 24360 and 1682.
58
What is the greatest common divisor of 17176 and 2024621?
2147
What is the highest common divisor of 32 and 544200?
8
What is the greatest common factor of 560 and 60760?
280
What is the highest common divisor of 177 and 4307?
59
What is the greatest common factor of 24 and 32768?
8
What is the highest common divisor of 71360 and 5440?
320
What is the greatest common factor of 189 and 5427?
27
What is the highest common divisor of 154 and 1428966?
154
Calculate the greatest common divisor of 53 and 1555391.
53
What is the greatest common factor of 121689 and 6?
3
Calculate the highest common factor of 4669 and 10759.
203
Calculate the highest common divisor of 1130001 and 123.
123
What is the highest common divisor of 135 and 4023?
27
What is the highest common divisor of 5723 and 177?
59
Calculate the highest common factor of 27 and 43434.
9
What is the greatest common factor of 260666 and 7794?
866
What is the highest common factor of 714183 and 9?
3
What is the greatest common divisor of 29990 and 356?
2
What is the greatest common divisor of 575 and 45931?
23
What is the highest common factor of 1080660 and 1302?
1302
Calculate the greatest common divisor of 644960 and 116.
116
What is the highest common factor of 125139 and 909?
303
What is the greatest common divisor of 3060 and 5780?
340
Calculate the highest common divisor of 15010347 and 33.
33
Calculate the greatest common factor of 195356 and 42.
14
Calculate the greatest common factor of 26 and 196222.
26
What is the highest common factor of 124 and 92218?
2
What is the highest common divisor of 2315 and 22245?
5
Calculate the highest common factor of 79846 and 111.
37
Calculate the greatest common divisor of 10251 and 1809.
603
What is the highest common factor of 60 and 84580?
20
Calculate the greatest common divisor of 972 and 9264.
12
What is the highest common factor of 94112 and 8?
8
Calculate the greatest common factor of 31549 and 14.
7
What is the greatest common factor of 2209 and 3431?
47
Calculate the greatest common divisor of 146 and 1378094.
146
Calculate the greatest common factor of 1205938 and 862.
862
Calculate the greatest common divisor of 131325 and 2125.
425
Calculate the greatest common divisor of 7830 and 6670.
290
What is the greatest common divisor of 1096 and 88?
8
Calculate the highest common divisor of 11081 and 35.
7
What is the highest common divisor of 416 and 12116?
52
What is the greatest common divisor of 69728 and 32?
32
What is the highest common divisor of 3090 and 50?
10
What is the highest common divisor of 1632 and 115776?
96
Calculate the highest common factor of 438200 and 126.
14
What is the greatest common factor of 95152 and 5168?
304
Calculate the greatest common divisor of 3599246 and 14.
14
Calculate the highest common divisor of 27795 and 2890.
85
Calculate the highest common divisor of 82 and 223081.
41
Calculate the highest common factor of 115934 and 455.
91
Calculate the greatest common factor of 78223 and 358.
179
Calculate the greatest common divisor of 6141 and 483.
69
What is the highest common divisor of 256 and 3764704?
32
Calculate the greatest common divisor of 23050 and 1250.
50
Calculate the greatest common divisor of 508224 and 192.
192
Calculate the highest common factor of 2750 and 330.
110
What is the greatest common divisor of 35225 and 175?
25
Calculate the greatest common factor of 396 and 263868.
132
Calculate the greatest common divisor of 25 and 63700.
25
What is the highest common factor of 26732 and 7824?
652
What is the highest common divisor of 6711191 and 59?
59
Calculate the greatest common factor of 1024 and 307456.
256
What is the greatest common divisor of 429687 and 54?
9
What is the greatest common factor of 17848 and 134248?
776
Calculate the greatest common divisor of 950 and 114950.
950
What is the greatest common divisor of 35 and 313?
1
Calculate th